nder when 82507 is divided by 80095.
2412
Calculate the remainder when 29714082 is divided by 80.
2
Calculate the remainder when 717416 is divided by 717401.
15
Calculate the remainder when 141120 is divided by 46946.
282
What is the remainder when 155082 is divided by 1464?
1362
What is the remainder when 813242 is divided by 8651?
48
What is the remainder when 1039224 is divided by 3523?
3462
Calculate the remainder when 159527 is divided by 305.
12
What is the remainder when 4315263 is divided by 2561?
2539
Calculate the remainder when 215190 is divided by 215141.
49
Calculate the remainder when 1217798 is divided by 315.
8
What is the remainder when 12442 is divided by 4134?
40
Calculate the remainder when 1202446 is divided by 398.
88
What is the remainder when 3306760 is divided by 371?
37
What is the remainder when 130953 is divided by 130943?
10
Calculate the remainder when 19505996 is divided by 147.
125
What is the remainder when 1738666 is divided by 1730?
16
Calculate the remainder when 41275828 is divided by 20637913.
2
What is the remainder when 706765 is divided by 235584?
13
What is the remainder when 213091 is divided by 1121?
101
What is the remainder when 334152 is divided by 44?
16
What is the remainder when 453038 is divided by 3872?
14
Calculate the remainder when 754740 is divided by 49.
42
What is the remainder when 364378 is divided by 22?
14
Calculate the remainder when 1014117 is divided by 205.
187
Calculate the remainder when 302977975 is divided by 6908.
3
Calculate the remainder when 3993863 is divided by 107942.
9
What is the remainder when 964208 is divided by 107133?
11
Calculate the remainder when 2063369 is divided by 2722.
93
Calculate the remainder when 885579 is divided by 3140.
99
Calculate the remainder when 1007332 is divided by 754.
742
Calculate the remainder when 155578 is divided by 51855.
13
Calculate the remainder when 45143790 is divided by 11.
10
Calculate the remainder when 48764558 is divided by 40.
38
What is the remainder when 919324 is divided by 43?
27
What is the remainder when 25251478 is divided by 8?
6
What is the remainder when 208725 is divided by 475?
200
Calculate the remainder when 5261969 is divided by 143.
141
What is the remainder when 361558 is divided by 46?
44
Calculate the remainder when 141518068 is divided by 3131.
3130
What is the remainder when 1122472 is divided by 518?
484
What is the remainder when 316914 is divided by 7695?
1419
Calculate the remainder when 104671 is divided by 100599.
4072
What is the remainder when 6469643 is divided by 2475?
2468
Calculate the remainder when 297638509 is divided by 28.
21
What is the remainder when 3561888 is divided by 142?
102
What is the remainder when 898756 is divided by 92?
8
Calculate the remainder when 31101637 is divided by 78.
73
What is the remainder when 419060 is divided by 26?
18
Calculate the remainder when 986584 is divided by 174.
4
Calculate the remainder when 46226 is divided by 57.
56
Calculate the remainder when 28573144 is divided by 202.
42
What is the remainder when 27135 is divided by 4011?
3069
What is the remainder when 3124916 is divided by 340?
316
Calculate the remainder when 98609 is divided by 4915.
309
Calculate the remainder when 50915 is divided by 2214.
2207
What is the remainder when 8404108 is divided by 2393?
2285
Calculate the remainder when 26499392 is divided by 6624834.
56
What is the remainder when 12613387 is divided by 4357?
4229
Calculate the remainder when 4370212 is divided by 43702.
12
What is the remainder when 117921292 is divided by 14740160?
12
Calculate the remainder when 204084 is divided by 99467.
5150
Calculate the remainder when 382545 is divided by 63740.
105
Calculate the remainder when 192871 is divided by 96388.
95
What is the remainder when 467726 is divided by 64?
14
Calculate the remainder when 2594382 is divided by 1019.
8
What is the remainder when 149222 is divided by 316?
70
Calculate the remainder when 109385 is divided by 36355.
320
Calculate the remainder when 475878 is divided by 3290.
2118
Calculate the remainder when 2448108 is divided by 10552.
44
Calculate the remainder when 123179 is divided by 2124.
2111
What is the remainder when 373473 is divided by 342?
9
Calculate the remainder when 409239 is divided by 285.
264
Calculate the remainder when 412780 is divided by 22.
16
What is the remainder when 364997371 is divided by 49?
46
Calculate the remainder when 949897 is divided by 7538.
109
What is the remainder when 87493618 is divided by 21?
16
Calculate the remainder when 48605 is divided by 8581.
5700
Calculate the remainder when 8895105 is divided by 2029.
1998
Calculate the remainder when 1262792 is divided by 195.
167
Calculate the remainder when 49485239 is divided by 2152.
2151
Calculate the remainder when 82485893 is divided by 14.
7
Calculate the remainder when 1734261 is divided by 9915.
9051
What is the remainder when 119195122 is divided by 875?
872
What is the remainder when 38825 is divided by 3371?
1744
What is the remainder when 171153 is divided by 1338?
1227
Calculate the remainder when 15970531 is divided by 1267.
1263
Calculate the remainder when 1458551 is divided by 1712.
1639
What is the remainder when 313139 is divided by 104358?
65
Calculate the remainder when 4611283 is divided by 20.
3
What is the remainder when 909090092 is divided by 3252?
3248
Calculate the remainder when 87279 is divided by 3489.
54
Calculate the remainder when 47945 is divided by 1322.
353
Calculate the remainder when 96194 is divided by 192.
2
Calculate the remainder when 200515417 is divided by 1747.
1745
Calculate the remainder when 50308 is divided by 1663.
418
Calculate the remainder when 19374418 is divided by 196.
14
What is the remainder when 218067 is divided by 185?
137
What is the remainder when 36979 is divided by 12324?
7
Calculate the remainder when 5045160 is divided by 720703.
239
What is the remainder when 18430150 is divided by 2335?
2330
What is the remainder when 68042052 is divided by 5585?
5582
Calculate the remainder when 23574 is divided by 1509.
939
Calculate the remainder when 3993298 is divided by 17.
15
Calculate the remainder when 12340303 is divided by 2056707.
61
What is the remainder when 455404 is divided by 2221?
99
What is the remainder when 243641 is divided by 282?
275
What is the remainder when 10900839 is divided by 1829?
1828
What is the remainder when 52942 is divided by 24113?
4716
What is the remainder when 641868 is divided by 633?
6
Calculate the remainder when 17061134 is divided by 4265272.
46
What is the remainder when 187596 is divided by 306?
18
Calculate the remainder when 250322 is divided by 8315.
872
Calculate the remainder when 1410403 is divided by 413.
8
Calculate the remainder when 16484 is divided by 3244.
264
What is the remainder when 120484 is divided by 5022?
4978
Calculate the remainder when 4700805 is divided by 2350397.
11
Calculate the remainder when 15744946 is divided by 3360.
3346
What is the remainder when 113473 is divided by 359?
29
Calculate the remainder when 2926132 is divided by 49.
48
What is the remainder when 429565 is divided by 107158?
933
What is the remainder when 530612 is divided by 264728?
1156
Calculate the remainder when 771253 is divided by 153906.
1723
What is the remainder when 448697 is divided by 19502?
151
Calculate the remainder when 15682 is divided by 1207.
1198
What is the remainder when 9306 is divided by 4567?
172
What is the remainder when 7468950 is divided by 203?
174
What is the remainder when 6596790 is divided by 1007?
940
Calculate the remainder when 20891445 is divided by 1681.
1658
Calculate the remainder when 37080 is divided by 1120.
120
Calculate the remainder when 5025556 is divided by 1675184.
4
Calculate the remainder when 376182 is divided by 132.
114
What is the remainder when 162749 is divided by 23193?
398
What is the remainder when 8641730 is divided by 361?
112
What is the remainder when 145431 is divided by 257?
226
Calculate the remainder when 9926920 is divided by 413621.
16
What is the remainder when 3956794 is divided by 57?
25
Calculate the remainder when 55812 is divided by 17362.
3726
Calculate the remainder when 107817 